 to base 12.
-5025
Convert 2761 (base 8) to base 9.
2070
-11110010011 (base 2) to base 12
-1157
Convert 101 (base 15) to base 12.
16a
Convert -29396 (base 11) to base 14.
-112c9
-112111201 (base 3) to base 12
-6154
What is -132151 (base 6) in base 14?
-460b
Convert b635 (base 14) to base 6.
401223
Convert -1216 (base 10) to base 14.
-62c
220120 (base 3) to base 16
297
What is 5b25 (base 13) in base 16?
324b
Convert -8aa (base 12) to base 6.
-5534
What is 320 (base 8) in base 15?
dd
-10010000001 (base 2) to base 5
-14103
Convert -2530 (base 12) to base 16.
-1074
Convert 1411 (base 6) to base 13.
223
What is -3801 (base 9) in base 14?
-1068
Convert 10012 (base 5) to base 13.
398
4cc (base 15) to base 13
660
What is -32252 (base 6) in base 4?
-1011020
8d98 (base 14) to base 13
b29c
What is 103024 (base 7) in base 5?
1032404
2642 (base 14) to base 9
10188
Convert 7134 (base 10) to base 4.
1233132
651 (base 13) to base 8
2070
Convert 230100 (base 5) to base 15.
2635
Convert 3543 (base 6) to base 2.
1101010111
487a (base 12) to base 14
2d8a
264 (base 9) to base 12
164
Convert 10222120 (base 3) to base 2.
101101011000
13303 (base 6) to base 2
100000000111
-3716 (base 8) to base 4
-133032
14204 (base 8) to base 9
8543
5dbd (base 15) to base 2
100111000001010
Convert 74c (base 13) to base 4.
103133
-321 (base 8) to base 5
-1314
What is 1000110001110 (base 2) in base 11?
3416
Convert -11121110 (base 3) to base 9.
-4543
Convert 150 (base 12) to base 7.
411
-13217 (base 10) to base 9
-20115
Convert -159b2 (base 15) to base 11.
-483a7
40 (base 16) to base 7
121
Convert -5381 (base 13) to base 9.
-16815
What is -794 (base 11) in base 4?
-32312
Convert 31333 (base 4) to base 12.
627
3028 (base 15) to base 8
23663
Convert -3424 (base 8) to base 6.
-12220
6788 (base 16) to base 6
322412
What is 3404 (base 5) in base 14?
263
-323030 (base 5) to base 11
-8304
What is -1080 (base 14) in base 10?
-2856
-100102003 (base 4) to base 6
-1232431
Convert 24613 (base 8) to base 10.
10635
-1510 (base 6) to base 10
-402
Convert -51088 (base 10) to base 7.
-301642
Convert 2202010 (base 3) to base 9.
2663
What is 2341 (base 12) in base 2?
111101100001
Convert -48a1 (base 15) to base 9.
-23167
Convert -212 (base 6) to base 10.
-80
3c7 (base 14) to base 6
3311
What is 4ee (base 15) in base 13?
686
What is -2210 (base 5) in base 15?
-155
What is -12003 (base 7) in base 16?
-c12
-2223 (base 4) to base 10
-171
Convert -22020 (base 3) to base 10.
-222
What is -1016 (base 10) in base 9?
-1348
Convert -1013302 (base 4) to base 9.
-6264
-441 (base 5) to base 2
-1111001
211 (base 14) to base 6
1515
10440 (base 5) to base 6
3241
Convert -42035 (base 10) to base 3.
-2010122212
2201100020 (base 3) to base 2
1101000011011010
Convert 150204 (base 7) to base 6.
341510
Convert -211143 (base 7) to base 14.
-d3ca
-2164 (base 7) to base 2
-1100001101
What is -12559 (base 11) in base 6?
-215112
10111101011001 (base 2) to base 8
27531
71a (base 15) to base 14
824
What is -1100001 (base 2) in base 6?
-241
What is -d390 (base 14) in base 2?
-1000111000100010
What is 90 (base 16) in base 3?
12100
Convert -14122 (base 10) to base 12.
-820a
Convert 16b (base 16) to base 8.
553
Convert -20332 (base 5) to base 9.
-1751
What is -2341 (base 12) in base 7?
-14323
Convert 587 (base 11) to base 15.
31a
31014 (base 5) to base 16
7d9
Convert 6a (base 16) to base 2.
1101010
Convert 249 (base 11) to base 7.
601
ff4 (base 16) to base 8
7764
Convert -16446 (base 11) to base 16.
-5a79
What is 1034 (base 8) in base 16?
21c
Convert -1021021 (base 3) to base 7.
-2461
Convert 23550 (base 12) to base 3.
2102001220
-223411 (base 6) to base 11
-13261
What is 3a8 (base 12) in base 16?
230
Convert -1882 (base 11) to base 4.
-211111
What is 477 (base 10) in base 15?
21c
100100000000100 (base 2) to base 11
12940
Convert -9432 (base 15) to base 14.
-b5b4
-100234 (base 6) to base 8
-17276
14a61 (base 11) to base 8
51372
Convert 1097 (base 12) to base 7.
5242
Convert -525 (base 9) to base 16.
-1ac
1333313 (base 4) to base 5
230213
What is 2bc (base 15) in base 12?
443
Convert 133100 (base 5) to base 6.
41000
What is 54fb (base 16) in base 9?
32752
What is 1001000011011 (base 2) in base 15?
1590
854 (base 12) to base 6
5344
What is 463 (base 12) in base 3?
220010
What is 12555 (base 10) in base 3?
122020000
Convert 1100110110 (base 2) to base 7.
2253
What is 5565 (base 7) in base 5?
31012
Convert -7a4 (base 11) to base 13.
-58c
What is -6ab2 (base 15) in base 7?
-123041
Convert -5426 (base 13) to base 10.
-11693
-9bd (base 16) to base 7
-10161
What is 2d9 (base 16) in base 3?
1000000
What is 304041 (base 6) in base 16?
5e99
-1000010010001111 (base 2) to base 15
-a0c5
-1073 (base 14) to base 10
-2845
-1013 (base 8) to base 5
-4043
Convert -373 (base 8) to base 7.
-506
Convert 3b6a (base 12) to base 7.
25654
2423 (base 9) to base 7
5154
Convert -13020000 (base 4) to base 13.
-1038c
Convert -8ff (base 16) to base 12.
-13bb
336 (base 13) to base 15
26c
-110001011101100 (base 2) to base 12
-127a4
-200030 (base 4) to base 11
-1603
What is 1714 (base 8) in base 6?
4300
Convert 5412 (base 6) to base 5.
14412
Convert -1212002 (base 6) to base 8.
-174702
Convert -1c5 (base 16) to base 14.
-245
What is -502 (base 11) in base 13?
-379
12468 (base 9) to base 4
2003111
-8590 (base 14) to base 8
-55022
-44b0 (base 12) to base 15
-23d0
-2257 (base 8) to base 9
-1572
487 (base 12) to base 16
2a7
What is -202112 (base 3) in base 15?
-26e
Convert 100000000000100 (base 2) to base 15.
4cc8
Convert -bba (base 14) to base 10.
-2320
Convert 1350251 (base 6) to base 10.
76567
7858 (base 12) to base 10
13316
What is 671 (base 11) in base 5?
11204
What is 1614 (base 9) in base 7?
3403
-342a7 (base 12) to base 7
-406504
What is 15646 (base 9) in base 16?
29ee
Convert 339 (base 15) to base 2.
1011011001
What is -1001101100000111 (base 2) in base 6?
-503423
13c55 (base 14) to base 13
19450
10220020 (base 3) to base 15
c96
1a6 (base 15) to base 9
463
What is 3532 (base 14) in base 15?
2b21
-2bdc (base 15) to base 3
-110221100
-1031 (base 9) to base 14
-3c1
What is 1993 (base 12) in base 14?
11dd
What is -222210 (base 3) in base 5?
-10343
1b99 (base 13) to base 5
113212
What is -48c (base 13) in base 6?
-3400
Convert -1d5 (base 16) to base 6.
-2101
346 (base 9) to base 10
285
What is 111211002 (base 3) in base 2?
10011101011001
What is -4809 (base 11) in base 6?
-45101
1499 (base 14) to base 7
13452
Convert 213013 (base 4) to base 9.
3381
526 (base 11) to base 6
2533
1203200 (base 4) to base 12
3828
-544 (base 9) to base 16
-1bd
What is 930 (base 15) in base 8?
4026
25145 (base 6) to base 9
5112
What is 2108 (base 13) in base 2?
1000111011011
What is -10620 (base 15) in base 3?
-2122100010
Convert -34675 (base 10) to base 6.
-424311
What is -194 (base 15) in base 12?
-264
What is 25a (base 16) in base 7?
1520
11222022 (base 3) to base 14
1470
-23322032 (base 4) to base 14
-13ac6
What is 114 (base 16) in base 3?
101020
Convert -1323301 (base 4) to base 5.
-223141
Convert 568 (base 15) to base 5.
14343
What is -123 (base 4) in base 2?
-11011
Convert b8 (base 13) to base 10.
151
What is 97b (base 13) in base 14?
83d
Convert -31332013 (base 4) to base 3.
-2220111101
Convert -535 (base 7) to base 14.
-155
310232 (base 4) to base 3
11121222
-2676 (base 8) to base 12
-a26
What is -11836 (base 10) in base 13?
-5506
What is -4375 (base 9) in base 16?
-c9b
Convert -3042 (base 5) to base 2.
-110001101
What is -1011222210 (base 3) in base 6?
-255550
Convert 1c0 (base 13) to base 9.
401
What is 433111 (base 5) in base 16?
39bd
What is 1431 (base 11) in base 13?
ac3
What is -26424 (base 8) in base 4?
-2310110
-13650 (base 13) to base 6
-435423
12222 (base 4) to base 15
1d6
What is 14234 (base 5) in base 6?
5310
Convert -4103 (base 7) to base 15.
-64e
Convert 412 (base 7) to base 8.
315
ba94 (base 15) to base 11
27762
Convert -347 (base 15) to base 12.
-51a
-1000001100 (base 2) to base 15
-24e
Convert 530034 (base 6) to base 5.
2332130
Convert -2441410 (base 5) to base 7.
-252340
What is -2241 (base 11) in base 10?
-2949
What is -1a8 (base 13) in base 2?
-100110011
What is -17570 (base 8) in base 13?
-3889
What is -1413 (base 6) in base 11?
-306
What is -11111120 (base 3